tors of 1768.
2, 13, 17
List the prime factors of 11438.
2, 7, 19, 43
List the prime factors of 12259.
13, 23, 41
List the prime factors of 948.
2, 3, 79
List the prime factors of 1941.
3, 647
List the prime factors of 3638.
2, 17, 107
List the prime factors of 531.
3, 59
What are the prime factors of 700?
2, 5, 7
What are the prime factors of 9157?
9157
List the prime factors of 74190.
2, 3, 5, 2473
What are the prime factors of 4595?
5, 919
What are the prime factors of 941?
941
What are the prime factors of 10148?
2, 43, 59
List the prime factors of 80100.
2, 3, 5, 89
List the prime factors of 2556.
2, 3, 71
List the prime factors of 2564.
2, 641
What are the prime factors of 9708?
2, 3, 809
What are the prime factors of 116?
2, 29
List the prime factors of 35601.
3, 11867
What are the prime factors of 1279?
1279
List the prime factors of 18566.
2, 9283
What are the prime factors of 652?
2, 163
What are the prime factors of 21142?
2, 11, 31
List the prime factors of 32163.
3, 71, 151
List the prime factors of 37664.
2, 11, 107
List the prime factors of 114961.
7, 11, 1493
List the prime factors of 5456.
2, 11, 31
List the prime factors of 1975.
5, 79
What are the prime factors of 7522?
2, 3761
List the prime factors of 23326.
2, 107, 109
What are the prime factors of 477?
3, 53
What are the prime factors of 9108?
2, 3, 11, 23
List the prime factors of 57876.
2, 3, 7, 13, 53
What are the prime factors of 53799?
3, 79, 227
List the prime factors of 3949.
11, 359
List the prime factors of 678.
2, 3, 113
List the prime factors of 652.
2, 163
What are the prime factors of 537?
3, 179
What are the prime factors of 9502?
2, 4751
What are the prime factors of 257?
257
What are the prime factors of 36135?
3, 5, 11, 73
List the prime factors of 95594.
2, 47797
What are the prime factors of 3233?
53, 61
List the prime factors of 105534.
2, 3, 11, 13, 41
List the prime factors of 8623.
8623
What are the prime factors of 1415?
5, 283
What are the prime factors of 59399?
59399
List the prime factors of 21741.
3, 7247
List the prime factors of 1055.
5, 211
What are the prime factors of 51769?
51769
What are the prime factors of 11597?
11597
What are the prime factors of 2282?
2, 7, 163
List the prime factors of 99013.
99013
List the prime factors of 24620.
2, 5, 1231
List the prime factors of 36391.
151, 241
List the prime factors of 9351.
3, 1039
List the prime factors of 6352.
2, 397
What are the prime factors of 724?
2, 181
List the prime factors of 6959.
6959
What are the prime factors of 46219?
46219
List the prime factors of 2860.
2, 5, 11, 13
What are the prime factors of 6702?
2, 3, 1117
List the prime factors of 3067.
3067
List the prime factors of 5449.
5449
List the prime factors of 860.
2, 5, 43
List the prime factors of 594.
2, 3, 11
List the prime factors of 5581.
5581
What are the prime factors of 8049?
3, 2683
List the prime factors of 112.
2, 7
List the prime factors of 131882.
2, 23, 47, 61
List the prime factors of 1584.
2, 3, 11
What are the prime factors of 693?
3, 7, 11
What are the prime factors of 3536?
2, 13, 17
What are the prime factors of 81972?
2, 3, 11, 23
What are the prime factors of 1567?
1567
List the prime factors of 5694.
2, 3, 13, 73
What are the prime factors of 996?
2, 3, 83
List the prime factors of 146.
2, 73
What are the prime factors of 2347?
2347
List the prime factors of 12288.
2, 3
List the prime factors of 86334.
2, 3, 14389
List the prime factors of 2893.
11, 263
List the prime factors of 11031.
3, 3677
What are the prime factors of 737?
11, 67
List the prime factors of 611.
13, 47
What are the prime factors of 6605?
5, 1321
What are the prime factors of 15512?
2, 7, 277
What are the prime factors of 2508?
2, 3, 11, 19
List the prime factors of 1938.
2, 3, 17, 19
List the prime factors of 6048.
2, 3, 7
List the prime factors of 2051.
7, 293
List the prime factors of 5487.
3, 31, 59
What are the prime factors of 669?
3, 223
What are the prime factors of 35891?
19, 1889
List the prime factors of 2377.
2377
What are the prime factors of 746?
2, 373
List the prime factors of 850.
2, 5, 17
List the prime factors of 17314.
2, 11, 787
What are the prime factors of 130881?
3, 43627
What are the prime factors of 819?
3, 7, 13
List the prime factors of 23425.
5, 937
List the prime factors of 1647.
3, 61
List the prime factors of 2801.
2801
What are the prime factors of 1049?
1049
List the prime factors of 1293.
3, 431
List the prime factors of 2449.
31, 79
List the prime factors of 2534.
2, 7, 181
What are the prime factors of 301?
7, 43
List the prime factors of 134789.
134789
List the prime factors of 29908.
2, 7477
What are the prime factors of 3156?
2, 3, 263
What are the prime factors of 11711?
7, 239
List the prime factors of 8234.
2, 23, 179
List the prime factors of 229.
229
What are the prime factors of 16808?
2, 11, 191
List the prime factors of 13561.
71, 191
List the prime factors of 258.
2, 3, 43
What are the prime factors of 1037?
17, 61
What are the prime factors of 2007?
3, 223
List the prime factors of 1331.
11
List the prime factors of 1009.
1009
List the prime factors of 55130.
2, 5, 37, 149
List the prime factors of 5883.
3, 37, 53
What are the prime factors of 32152?
2, 4019
What are the prime factors of 14926?
2, 17, 439
List the prime factors of 445.
5, 89
What are the prime factors of 2306?
2, 1153
What are the prime factors of 16508?
2, 4127
What are the prime factors of 17137?
17137
List the prime factors of 2188.
2, 547
List the prime factors of 5900.
2, 5, 59
List the prime factors of 96415.
5, 11, 1753
What are the prime factors of 79?
79
What are the prime factors of 4799?
4799
What are the prime factors of 23671?
23671
List the prime factors of 118674.
2, 3, 19, 347
What are the prime factors of 2019?
3, 673
List the prime factors of 2082.
2, 3, 347
List the prime factors of 973.
7, 139
What are the prime factors of 4934?
2, 2467
What are the prime factors of 21327?
3, 7109
List the prime factors of 12699.
3, 17, 83
What are the prime factors of 5688?
2, 3, 79
List the prime factors of 560.
2, 5, 7
What are the prime factors of 100274?
2, 181, 277
List the prime factors of 4323.
3, 11, 131
List the prime factors of 23591.
31, 761
What are the prime factors of 1154?
2, 577
List the prime factors of 1816.
2, 227
What are the prime factors of 69981?
3, 23327
What are the prime factors of 103027?
269, 383
What are the prime factors of 65631?
3, 131, 167
What are the prime factors of 54585?
3, 5, 1213
What are the prime factors of 194?
2, 97
List the prime factors of 58341.
3, 19447
What are the prime factors of 5352?
2, 3, 223
What are the prime factors of 735?
3, 5, 7
What are the prime factors of 48484?
2, 17, 23, 31
List the prime factors of 60563.
71, 853
What are the prime factors of 13738?
2, 6869
List the prime factors of 10701.
3, 29, 41
What are the prime factors of 1568?
2, 7
What are the prime factors of 21463?
13, 127
What are the prime factors of 15955?
5, 3191
What are the prime factors of 68001?
3, 19, 1193
What are the prime factors of 1887?
3, 17, 37
What are the prime factors of 1419?
3, 11, 43
List the prime factors of 2658.
2, 3, 443
List the prime factors of 1018.
2, 509
What are the prime factors of 8520?
2, 3, 5, 71
What are the prime factors of 478?
2, 239
List the prime factors of 46428.
2, 3, 53, 73
What are the prime factors of 1086?
2, 3, 181
What are the prime factors of 5376?
2, 3, 7
List the prime factors of 35433.
3, 31, 127
List the prime factors of 4527.
3, 503
What are the prime factors of 1019?
1019
List the prime factors of 3056.
2, 191
What are the prime factors of 77?
7, 11
What are the prime factors of 3071?
37, 83
List the prime factors of 6541.
31, 211
List the prime factors of 15574.
2, 13, 599
What are the prime factors of 43107?
3, 14369
What are the prime factors of 1829?
31, 59
List the prime factors of 634.
2, 317
What are the prime factors of 155?
5, 31
What are the prime factors of 1348?
2, 337
What are the prime factors of 32806?
2, 47, 349
List the prime factors of 4010.
2, 5, 401
What are the prime factors of 2301?
3, 13, 59
What are the prime factors of 25071?
3, 61, 137
What are the prime factors of 55965?
3, 5, 7, 13, 41
What are t